{"id":2,"date":"2025-10-23T08:20:42","date_gmt":"2025-10-23T08:20:42","guid":{"rendered":"https:\/\/circularinnovation.academy\/?page_id=2"},"modified":"2026-01-28T09:27:33","modified_gmt":"2026-01-28T08:27:33","slug":"sample-page","status":"publish","type":"page","link":"https:\/\/circularinnovation.academy\/","title":{"rendered":"Home"},"content":{"rendered":"<div class=\"et_pb_section_0 et_pb_section et_section_regular et_block_section\">\n<div class=\"et_pb_row_0 et_pb_row et_flex_row\">\n<div class=\"et_pb_column_0 et_pb_column et_flex_column et_pb_css_mix_blend_mode_passthrough et_flex_column_3_5 et_flex_column_3_5_tablet et_flex_column_24_24_phone\">\n<div class=\"et_pb_heading_0 et_pb_heading et_pb_module et_block_module preset--module--divi-heading--4bf2f792-b6a1-4e5d-9516-8791a97ea02f\"><div class=\"et_pb_heading_container\"><h4 class=\"et_pb_module_header\">Master Executive In <\/h4><\/div><\/div>\n\n<div class=\"et_pb_heading_1 et_pb_heading et_pb_module et_block_module preset--module--divi-heading--4c6e5231-6781-4ecc-8c77-f254a7fb9546\"><div class=\"et_pb_heading_container\"><h1 class=\"et_pb_module_header\">Data Analytics For The Circular Economy<\/h1><\/div><\/div>\n\n<div class=\"et_pb_text_0 et_pb_text et_pb_bg_layout_light et_pb_module et_block_module preset--module--divi-text--ffd25215-b48d-4fbc-a4f2-263d9c118183\"><div class=\"et_pb_text_inner\"><p>Un&#8217;iniziativa della <strong><a href=\"https:\/\/www.grins.it\/\" target=\"_blank\" rel=\"noopener\">GRINS<\/a> Circular Academy<\/strong> ed \u00e8 organizzato dal <strong><a href=\"https:\/\/www.est.unito.it\" target=\"_blank\" rel=\"noopener\">Dipartimento di Economia Cognetti de Martiis<\/a> <\/strong>dell&#8217;Universit\u00e0 di Torino, in collaborazione con <strong><a href=\"https:\/\/www.saamanagement.com\/\" target=\"_blank\" rel=\"noopener\">SAA School of Management<\/a> e <a href=\"https:\/\/www.saamanagement.com\/\" target=\"_blank\" rel=\"noopener\">l&#8217;<\/a><\/strong><strong><a href=\"https:\/\/iuse.it\" target=\"_blank\" rel=\"noopener\">Istituto Univesritario di Studi Europei.<\/a><\/strong><\/p>\n<p><span style=\"font-size: 12.0pt; font-family: 'Helvetica',sans-serif; color: #666666; background: #e7e9e6;\">Coordinatore del Master \u00e8 il prof. Francesco Quatraro.<\/span><\/p>\n<\/div><\/div>\n\n<div class=\"et_pb_module et_pb_button_module_wrapper et_pb_button_0_wrapper preset--module--divi-button--92eaccd2-ffea-4ebb-82ff-e123fec0fcc8_wrapper\"><a class=\"et_pb_button_0 et_pb_button et_pb_bg_layout_light et_pb_module et_block_module preset--module--divi-button--92eaccd2-ffea-4ebb-82ff-e123fec0fcc8\" href=\"#about\">Scopri di pi\u00f9<\/a><\/div>\n<\/div>\n\n<div class=\"et_pb_column_1 et_pb_column et-last-child et_flex_column et_pb_css_mix_blend_mode_passthrough et_flex_column_2_5 et_flex_column_2_5_tablet et_flex_column_24_24_phone\">\n<div class=\"et_pb_image_0 et_pb_image et_pb_module et_block_module\"><span class=\"et_pb_image_wrap\"><img loading=\"lazy\" decoding=\"async\" src=\"https:\/\/circularinnovation.academy\/wp-content\/uploads\/2025\/11\/Logo-1.1.png\" width=\"235\" height=\"182\" sizes=\"(max-width: 235px) 100vw, 235px\" class=\"wp-image-61\" title=\"book cover\" \/><\/span><\/div>\n\n<div class=\"et_pb_image_1 et_pb_image et_pb_module et_flex_module\"><span class=\"et_pb_image_wrap\"><img loading=\"lazy\" decoding=\"async\" src=\"https:\/\/circularinnovation.academy\/wp-content\/uploads\/2025\/10\/saa_logo.png\" width=\"195\" height=\"128\" sizes=\"(max-width: 195px) 100vw, 195px\" class=\"wp-image-27\" \/><\/span><\/div>\n\n<div class=\"et_pb_image_2 et_pb_image et_pb_module et_flex_module\"><span class=\"et_pb_image_wrap\"><img loading=\"lazy\" decoding=\"async\" src=\"https:\/\/circularinnovation.academy\/wp-content\/uploads\/2025\/11\/est.png\" width=\"143\" height=\"70\" sizes=\"(max-width: 143px) 100vw, 143px\" class=\"wp-image-67\" \/><\/span><\/div>\n<\/div>\n<\/div>\n<\/div>\n\n<div class=\"et_pb_section_1 et_pb_section et_section_regular et_block_section\">\n<div class=\"et_pb_row_1 et_pb_row et_pb_row_4col et_pb_gutters2 et_block_row\">\n<div class=\"et_pb_column_2 et_pb_column et_pb_column_1_4 et_block_column et_pb_css_mix_blend_mode_passthrough\">\n<div class=\"et_pb_image_3 et_pb_image et_pb_module et_block_module\"><span class=\"et_pb_image_wrap\"><img loading=\"lazy\" decoding=\"async\" src=\"https:\/\/circularinnovation.academy\/wp-content\/uploads\/2025\/10\/grins_logo.jpg\" width=\"418\" height=\"177\" srcset=\"https:\/\/circularinnovation.academy\/wp-content\/uploads\/2025\/10\/grins_logo.jpg 418w, https:\/\/circularinnovation.academy\/wp-content\/uploads\/2025\/10\/grins_logo-300x127.jpg 300w\" sizes=\"(max-width: 418px) 100vw, 418px\" class=\"wp-image-25\" \/><\/span><\/div>\n\n<div class=\"et_pb_image_4 et_pb_image et_pb_module et_block_module\"><\/div>\n<\/div>\n\n<div class=\"et_pb_column_3 et_pb_column et_pb_column_1_4 et_flex_column et_pb_css_mix_blend_mode_passthrough\">\n<div class=\"et_pb_image_5 et_pb_image et_pb_module et_block_module\"><span class=\"et_pb_image_wrap\"><img loading=\"lazy\" decoding=\"async\" src=\"https:\/\/circularinnovation.academy\/wp-content\/uploads\/2025\/10\/saa_logo.png\" width=\"195\" height=\"128\" sizes=\"(max-width: 195px) 100vw, 195px\" class=\"wp-image-27\" \/><\/span><\/div>\n<\/div>\n\n<div class=\"et_pb_column_4 et_pb_column et_pb_column_1_4 et_flex_column et_pb_css_mix_blend_mode_passthrough\">\n<div class=\"et_pb_image_6 et_pb_image et_pb_module et_block_module\"><span class=\"et_pb_image_wrap\"><img loading=\"lazy\" decoding=\"async\" src=\"https:\/\/circularinnovation.academy\/wp-content\/uploads\/2025\/10\/logo_iuse.png\" width=\"388\" height=\"327\" srcset=\"https:\/\/circularinnovation.academy\/wp-content\/uploads\/2025\/10\/logo_iuse.png 388w, https:\/\/circularinnovation.academy\/wp-content\/uploads\/2025\/10\/logo_iuse-300x253.png 300w\" sizes=\"(max-width: 388px) 100vw, 388px\" class=\"wp-image-30\" \/><\/span><\/div>\n<\/div>\n\n<div class=\"et_pb_column_5 et_pb_column et_pb_column_1_4 et-last-child et_flex_column et_pb_css_mix_blend_mode_passthrough\">\n<div class=\"et_pb_image_7 et_pb_image et_pb_module et_block_module\"><span class=\"et_pb_image_wrap\"><img loading=\"lazy\" decoding=\"async\" src=\"https:\/\/circularinnovation.academy\/wp-content\/uploads\/2025\/10\/LogoEST_piccolo_15x4.jpg\" width=\"1063\" height=\"235\" srcset=\"https:\/\/circularinnovation.academy\/wp-content\/uploads\/2025\/10\/LogoEST_piccolo_15x4.jpg 1063w, https:\/\/circularinnovation.academy\/wp-content\/uploads\/2025\/10\/LogoEST_piccolo_15x4-980x217.jpg 980w, https:\/\/circularinnovation.academy\/wp-content\/uploads\/2025\/10\/LogoEST_piccolo_15x4-480x106.jpg 480w\" sizes=\"(min-width: 0px) and (max-width: 480px) 480px, (min-width: 481px) and (max-width: 980px) 980px, (min-width: 981px) 1063px, 100vw\" class=\"wp-image-31\" \/><\/span><\/div>\n<\/div>\n<\/div>\n<\/div>\n\n<div class=\"et_pb_section_2 et_pb_section et_section_regular et_block_section\">\n<div class=\"et_pb_row_2 et_pb_row et_flex_row\">\n<div class=\"et_pb_column_6 et_pb_column et_flex_column et_pb_css_mix_blend_mode_passthrough et_flex_column_24_24\">\n<div class=\"et_pb_image_8 et_pb_image et_pb_module et_block_module\"><span class=\"et_pb_image_wrap\"><img loading=\"lazy\" decoding=\"async\" src=\"https:\/\/circularinnovation.academy\/wp-content\/uploads\/2025\/10\/cycle-150947.svg\" width=\"0\" height=\"0\" class=\"wp-image-23\" \/><\/span><\/div>\n<\/div>\n\n<div class=\"et_pb_column_7 et_pb_column et-last-child et_flex_column et_pb_css_mix_blend_mode_passthrough et_flex_column_24_24\">\n<div class=\"et_pb_heading_2 et_pb_heading et_pb_module et_block_module preset--module--divi-heading--214ff0f0-ebdf-4ebf-b27d-55532042b669\" id=\"about\"><div class=\"et_pb_heading_container\"><h2 class=\"et_pb_module_header\">Il Master<\/h2><\/div><\/div>\n\n<div class=\"et_pb_text_1 et_pb_text et_pb_bg_layout_light et_pb_module et_block_module preset--module--divi-text--ffd25215-b48d-4fbc-a4f2-263d9c118183\"><div class=\"et_pb_text_inner\"><p>Il Master Executive in Data Analytics for the Circular Economy, \u00e8 una iniziativa della GRINS Academy ed \u00e8 organizzato da SAA, IUSE, sotto la direzione del Dipartimento di Economia Cognetti de Martiis, Universit\u00e0 di Torino e ha come obiettivo di <strong>formare ricercatori, imprenditori, manager e professionisti nelle analisi dei dati per le decisioni strategiche e per il cambiamento organizzativo in ottica di economia circolare<\/strong>.<\/p>\n<p>Con un approccio pratico e innovativo, sviluppa competenze avanzate per generare valore nel lungo termine, influenzando positivamente cultura aziendale, stakeholder e catena del valore.<\/p>\n<\/div><\/div>\n\n<div class=\"et_pb_module et_pb_button_module_wrapper et_pb_button_1_wrapper preset--module--divi-button--92eaccd2-ffea-4ebb-82ff-e123fec0fcc8_wrapper\"><a class=\"et_pb_button_1 et_pb_button et_pb_bg_layout_light et_pb_module et_block_module preset--module--divi-button--92eaccd2-ffea-4ebb-82ff-e123fec0fcc8\" href=\"#target\">A chi si rivolge?<\/a><\/div>\n<\/div>\n<\/div>\n<\/div>","protected":false},"excerpt":{"rendered":"","protected":false},"author":1,"featured_media":0,"parent":0,"menu_order":0,"comment_status":"closed","ping_status":"open","template":"","meta":{"inline_featured_image":false,"footnotes":""},"class_list":["post-2","page","type-page","status-publish","hentry"],"_links":{"self":[{"href":"https:\/\/circularinnovation.academy\/index.php\/wp-json\/wp\/v2\/pages\/2","targetHints":{"allow":["GET"]}}],"collection":[{"href":"https:\/\/circularinnovation.academy\/index.php\/wp-json\/wp\/v2\/pages"}],"about":[{"href":"https:\/\/circularinnovation.academy\/index.php\/wp-json\/wp\/v2\/types\/page"}],"author":[{"embeddable":true,"href":"https:\/\/circularinnovation.academy\/index.php\/wp-json\/wp\/v2\/users\/1"}],"replies":[{"embeddable":true,"href":"https:\/\/circularinnovation.academy\/index.php\/wp-json\/wp\/v2\/comments?post=2"}],"version-history":[{"count":25,"href":"https:\/\/circularinnovation.academy\/index.php\/wp-json\/wp\/v2\/pages\/2\/revisions"}],"predecessor-version":[{"id":83,"href":"https:\/\/circularinnovation.academy\/index.php\/wp-json\/wp\/v2\/pages\/2\/revisions\/83"}],"wp:attachment":[{"href":"https:\/\/circularinnovation.academy\/index.php\/wp-json\/wp\/v2\/media?parent=2"}],"curies":[{"name":"wp","href":"https:\/\/api.w.org\/{rel}","templated":true}]}}